{"id":386,"date":"2015-04-23T16:35:13","date_gmt":"2015-04-23T16:35:13","guid":{"rendered":"http:\/\/tanjasart.de\/wordpress\/?page_id=386"},"modified":"2018-03-15T13:25:14","modified_gmt":"2018-03-15T13:25:14","slug":"test","status":"publish","type":"page","link":"https:\/\/tanjasart.de\/wordpress\/test\/","title":{"rendered":"Impressum"},"content":{"rendered":"<p>Alle Rechte vorbehalten. Die Inhalte dieser Seite sind urheberrechtlich gesch\u00fctzt. Sie d\u00fcrfen weder gewerblich noch privat ohne meine ausdr\u00fcckliche Erlaubnis auf anderen Websites und in anderen Medien genutzt werden.<\/p>\n<p><strong>Haftungshinweis:<\/strong><\/p>\n<p>Trotz sorgf\u00e4ltiger Kontrolle \u00fcbernehme ich keine Haftung f\u00fcr die Inhalte interner Links. F\u00fcr den Inhalt der verlinkten Seiten sind ausschlie\u00dflich deren Betreiber und Autoren verantwortlich. Ich distanziere mich ausdr\u00fccklich von den Inhalten Dritter und mache mich deren Inhalte nicht zu eigen.<\/p>\n","protected":false},"excerpt":{"rendered":"<p>Alle Rechte vorbehalten. Die Inhalte dieser Seite sind urheberrechtlich gesch\u00fctzt. Sie d\u00fcrfen weder gewerblich noch privat ohne meine ausdr\u00fcckliche Erlaubnis auf anderen Websites und in anderen Medien genutzt werden. Haftungshinweis: Trotz sorgf\u00e4ltiger Kontrolle \u00fcbernehme ich keine Haftung f\u00fcr die Inhalte interner Links. F\u00fcr den Inhalt der verlinkten Seiten sind ausschlie\u00dflich deren Betreiber und Autoren verantwortlich. &hellip; <a href=\"https:\/\/tanjasart.de\/wordpress\/test\/\" class=\"more-link\"><span class=\"screen-reader-text\">Impressum<\/span> weiterlesen<\/a><\/p>\n","protected":false},"author":1,"featured_media":0,"parent":0,"menu_order":0,"comment_status":"closed","ping_status":"open","template":"","meta":{"footnotes":""},"class_list":["post-386","page","type-page","status-publish","hentry"],"_links":{"self":[{"href":"https:\/\/tanjasart.de\/wordpress\/wp-json\/wp\/v2\/pages\/386","targetHints":{"allow":["GET"]}}],"collection":[{"href":"https:\/\/tanjasart.de\/wordpress\/wp-json\/wp\/v2\/pages"}],"about":[{"href":"https:\/\/tanjasart.de\/wordpress\/wp-json\/wp\/v2\/types\/page"}],"author":[{"embeddable":true,"href":"https:\/\/tanjasart.de\/wordpress\/wp-json\/wp\/v2\/users\/1"}],"replies":[{"embeddable":true,"href":"https:\/\/tanjasart.de\/wordpress\/wp-json\/wp\/v2\/comments?post=386"}],"version-history":[{"count":3,"href":"https:\/\/tanjasart.de\/wordpress\/wp-json\/wp\/v2\/pages\/386\/revisions"}],"predecessor-version":[{"id":391,"href":"https:\/\/tanjasart.de\/wordpress\/wp-json\/wp\/v2\/pages\/386\/revisions\/391"}],"wp:attachment":[{"href":"https:\/\/tanjasart.de\/wordpress\/wp-json\/wp\/v2\/media?parent=386"}],"curies":[{"name":"wp","href":"https:\/\/api.w.org\/{rel}","templated":true}]}}